-1460, 29*j + n = 3*a + 25*j. What is the units digit of a?
4
Let r(b) = -2*b + 8. Let u be r(0). Let f(m) = 7*m - 1. Let d be f(u). Let g = 115 - d. What is the tens digit of g?
6
Suppose -38*h - 299640 = -58*h. What is the tens digit of h?
8
Suppose -48*h + 834376 + 206211 = 259579. What is the hundreds digit of h?
2
Suppose 4*w + 4*m = 4, w + 3 = -4*m + 1. Suppose 3*b + 6 = 3*h - 15, -4*h - 2*b = w. What is the units digit of (h + (6 - 23))*(-10 - 0)?
0
Let f = -23 + 28. Suppose 615 + 125 = -f*s. Let r = 319 + s. What is the units digit of r?
1
Suppose 0 = 16*f + 64 - 2160. Suppose 4*w + f - 563 = 0. What is the tens digit of w?
0
Suppose 25*d - 115525 - 559000 = 0. What is the tens digit of d?
8
Let t = 3850 + -3842. Let l(x) = -1 + 0*x + 15*x + 0*x. What is the units digit of l(t)?
9
Suppose -1556*h + 1532*h = -958857 - 163071. What is the hundreds digit of h?
7
Let l(r) = r**2 - 5*r + 28. Suppose -5 - 5 = 2*c, 5*i + 65 = -c. Let x be l(i). Suppose 278 = 3*d - x. What is the units digit of d?
0
Let u = 71 + -14. What is the tens digit of (-3 - u/2)*-2?
6
Let g = -579 - -1041. Suppose -2*f - 2*o = -f - 247, 2*f = 4*o + g. What is the tens digit of f?
3
Suppose 12*y - 40 = 2*y. What is the tens digit of (-24)/((-3 + 10/y)*3)?
1
Let t(r) = 2*r**3 + 7*r**2 - 14*r - 11. Suppose -203 + 131 = -9*k. What is the thousands digit of t(k)?
1
Let v = -11088 + 17902. What is the thousands digit of v?
6
Suppose -6*p + 10*p - 8 = 0. Let d(t) = 190*t - 2. Let f be d(p). Suppose f = -5*n + 11*n. What is the units digit of n?
3
Let q(d) = -41 + 0*d**2 - d**2 - 3*d**3 + 39 - 3*d. Let h be q(-1). Suppose 0 = 7*l - h*l - 392. What is the tens digit of l?
9
Let m(c) be the first derivative of -3*c**4/4 - 5*c**3/3 - 15*c**2/2 - 8*c + 63. What is the hundreds digit of m(-5)?
3
Let u(w) = w**2 + 26*w - 77. Let y be u(3). Suppose y*s = 4*s + 390. What is the tens digit of s?
6
Suppose -9 = 3*j - 30, -4*c + 83721 = -5*j. What is the tens digit of c?
3
Let k(a) = 2*a**2 + 19*a - 24. Let z = 254 - -133. Let j be z/(-27) + 1/3. What is the units digit of k(j)?
2
Let n(a) = a**3 + 24*a**2 + 21*a - 42. Suppose 6*z + 356 = 230. What is the hundreds digit of n(z)?
8
Suppose 3*x - 30729 = a, 8*x - 8*a = 3*x + 51196. What is the tens digit of x?
4
Let v be (2 + 312/9)*-3. Let u = v - -175. What is the tens digit of u?
6
Let i = -106 + 109. Suppose 3*l - 2*x = -x - 8, -2 = i*l + 2*x. What is the tens digit of (-1 - 1*l)*(-4636)/(-19)?
4
Let k be 26/52*2*3. What is the tens digit of (k + 115/10)*38?
5
Suppose 0 = 2*j + 3*g - 10565, -28*j + 5*g + 21119 = -24*j. What is the tens digit of j?
8
What is the tens digit of (-626775)/(-25) - (-7 + (-12)/(-2))?
7
Let o be 0/(-2) + 2 - -384. Suppose -5*h - 10 = -78*l + 73*l, 5*h + 4*l = -19. What is the units digit of (o/6 + 1/h)/1?
4
Let w(c) = c**3 + 5*c**2 - 8*c - 11. Let d be w(-6). Let m be (d/2)/(15/2400). Let q = m - 27. What is the units digit of q?
3
Suppose -821*q = -770*q - 403818. What is the tens digit of q?
1
Suppose 0 = 4*f - 0*o - 4*o + 48, -2*f - 39 = -5*o. What is the units digit of (350/(-49) - f) + (-4678)/(-14)?
4
Suppose -8 = 10*b - 14*b. Let z be -2 - -449 - ((-2)/(-1))/b. What is the units digit of (-16 - -18)*(z/4 - 2)?
9
Let d(o) = 2*o + 32. Let w(z) = -5*z + 21. Let b be w(7). Let t be d(b). Suppose 0 = -4*v + t*h + 96, -3*v + 6*h - h + 72 = 0. What is the tens digit of v?
2
Let n be (-6 - -3) + 3 + 0. Suppose -23*f + f + 16456 = n. What is the hundreds digit of f?
7
Suppose 0 = -3*d + 2*p + 53912, 0 = -3*d - 3*p + 82664 - 28757. What is the tens digit of d?
7
Let a(q) = -1862*q + 5961. What is the units digit of a(0)?
1
Let o(c) = 2*c**2 + 16*c - 15. Let n be o(-9). Suppose 5*f + n*w - 8*w = 1560, -3*f - 3*w + 924 = 0. What is the units digit of f?
0
Let u be 3 + -3*(-3)/(-9). Let a be (-3 - (3 + -2 + -3)) + u. Suppose -84 = -2*w - 2*z, z = -0 + a. What is the tens digit of w?
4
Let h = 578 - 29. Suppose 0 = -2*f + h + 231. What is the tens digit of f?
9
Suppose 4*h - 22439 = 5*j, -h - j - 3*j + 5615 = 0. What is the thousands digit of h?
5
Let l = -19161 + 77149. What is the thousands digit of l?
7
Let g be (-2*(-5)/5)/(4/10). Suppose -4*v - 1732 = -4*s, -836 = -4*s - g*v + 869. What is the units digit of s?
0
Let c = -59 - -53. Let u(i) = -39*i + 38. Let r be u(c). Suppose l + r = 5*l. What is the tens digit of l?
6
Suppose 3*y + 5*y + 2*y = 0. Suppose -3*o + 8*o + 25 = y, -3*z - 3*o + 642 = 0. What is the tens digit of z?
1
Let i = 3 + 7. Suppose i*m - 632 = 2*m. Suppose 0 = p - 3*s - m, -5*p + 367 = -s - 0*s. What is the tens digit of p?
7
Suppose -5*m = -3*i + 5, 0*i + 2 = -2*m + 3*i. Let x be -5 + (2 + -1)*m. What is the units digit of x*1*(114/(-4) - -1)?
5
Suppose b + 295 - 47161 = -5*o, 4*b - 187635 = -o. What is the tens digit of b?
1
Suppose 5*a - 4*f - 43686 = 0, 2*a - 17473 = -2*f + 5*f. What is the units digit of a?
8
What is the thousands digit of 15572/((2 - 0)*((-2)/4 - -1))?
5
Let y be 5 + (0 - 2) - -1. Suppose -y*x - 24 = -5*z, -x - 20 = -3*z - 0*x. Suppose -7*o - z*o + 3510 = 0. What is the hundreds digit of o?
2
Suppose -22 = m + 26. What is the tens digit of ((-9948)/m)/((-1)/(-4))?
2
Suppose -290734 = 85*d - 715819. What is the hundreds digit of d?
0
Let l(v) = v**3 + 56*v**2 - 138*v + 158. What is the tens digit of l(-58)?
3
Suppose 8*r - 611 = 61. Let c be 4/7 + (-36168)/r. What is the units digit of c/(-8) - (-10)/40?
4
Suppose 0 = -100*z - 158046 + 533346. What is the thousands digit of z?
3
Let i = 467 - 465. What is the units digit of (39/117)/(i/822)?
7
Suppose 0*n - 9*n + 18 = 0. Let t(s) = -5*s + 14. Let i be t(n). What is the units digit of (i + -2)*(52/8 - 4)?
5
What is the thousands digit of 3*(1802 + (-10)/(-5))?
5
Let d = 107 - 207. Let o = d - -108. Suppose o*i - i = 791. What is the hundreds digit of i?
1
Let r(m) = 3417*m - 148. What is the tens digit of r(2)?
8
Let q(v) = 859*v**2 - 63*v - 334. What is the tens digit of q(-6)?
6
Suppose 3*z + 8583 = 5*m, 3431 = 2*m + 2*z - z. Suppose m = 88*u - 84*u. What is the units digit of u?
9
Let i be (((-1)/1)/(-1))/(-1). Let t be ((-4)/(-6) + -1)*(-19 - i). Suppose 0 = -4*h + t*h - 130. What is the units digit of h?
5
Let t be 2 + 2 + -8 + 542. Let x = -219 + t. What is the units digit of x?
9
Suppose -62 = -h + 5*b - 22, 0 = -h + b + 24. Let i(l) = 4*l**2 - 18*l - 11. What is the tens digit of i(h)?
2
Let o = 11406 - 6674. What is the tens digit of o?
3
Let l = -24 - -25. Let u be (5/1)/((3 - l)/2). Suppose -x + 6*x + 2*m = 955, 0 = u*m - 25. What is the hundreds digit of x?
1
Let t(z) = z + 6. Let f = -45 - -39. Let x be t(f). Suppose x = -3*q - 5*s + 208, -q + 210 = 2*q + 3*s. What is the tens digit of q?
7
Let n be (1 - 281)/7 - -4. What is the hundreds digit of 2/(2 + -1)*(n + 89)?
1
Suppose 43*x = 189*x - 625042 - 57362. What is the tens digit of x?
7
Suppose 281*c + 140 = 295*c. What is the hundreds digit of 1918/c - 9/((-90)/(-8))?
1
Let d(w) = w**3 - 5*w**2 + 30*w - 147. Let k be d(5). Suppose 0 = 3*t - k*r - 1134, 5*t + 146*r - 144*r = 1883. What is the tens digit of t?
7
Let w(o) = o**3 - 3*o**2 + 2*o. Let i be w(3). Suppose 4*d = 20, 2*d - i*d = r - 25. Let h(q) = q**3 + q**2 - 6. What is the hundreds digit of h(r)?
1
Let r be 17/((-85)/65)*-1. Suppose 2*l = 3*w + 4, l + 4*w + 10 = 6*l. Suppose 330 = -l*p + r*p. What is the tens digit of p?
3
Suppose 33608 = x - 2*n, 2682 = 3*x + 5*n - 98164. What is the thousands digit of x?
3
Suppose 3*r - 5*h - 10085 = 0, 6*h - h = -5*r + 16795. Suppose 0 = 45*q - 55*q + r. What is the hundreds digit of q?
3
Let x(u) = u**3 + 13*u**2 - 24*u + 28. Let m be x(-14). What is the hundreds digit of ((-36)/m)/((-4)/42)*256?
5
Suppose -27*n = -25*n - 31092. What is the ten thousands digit of n?
1
Let o = 11823 - 534. What is the units digit of o?
9
Let w(h) = -43 + 279*h - 96*h + 106*h - 16*h + 271*h. What is the hundreds digit of w(2)?
0
Let s(b) = -3*b - 1. Let x be s(7). Let t = 24 + x. Suppose -2*z + 109 = t*u - 65, 144 = 2*u - 4*z. What is the units digit of u?
2
Suppose s = -s - 98. Let k be -6 - 4*((-184)/8 + 3). Let a = s + k. What is the tens digit of a?
2
Let z = 198 + -198. Suppose -4*b + 3*p + 4081 = z, 3*p + 1015 = b + 4*p. What is the hundreds digit of b?
0
Let c(p) = 